tors of i(28).
3, 5, 11
Let d be (6 - 4)/(2/4). Suppose -5*r + r + 2035 = p, -2*p - 2038 = -d*r. Suppose -5*m = -5*a - 315 - 230, 5*m + 4*a - r = 0. List the prime factors of m.
3, 5, 7
Suppose 25 = 2*l - 3*m + 8*m, -4*m + 20 = -2*l. Suppose 6*k = -l*k - 30. What are the prime factors of ((-1420)/8)/k*(-12)/(-3)?
2, 71
Suppose 0 = -20*j - 3*j + 10212. Suppose -y = 3*m - 1312 - 10, -2*y = m - j. List the prime factors of m.
2, 5, 11
Let w = -2682 - -6638. List the prime factors of w.
2, 23, 43
Let m = -722 + 320. Let z = 1185 + m. List the prime factors of z.
3, 29
Suppose 0 = -17*q + 15*q + s + 124750, 13*q + 4*s = 810959. List the prime factors of q.
3, 29, 239
Let q = 285 - -563. Let a = q - 778. List the prime factors of a.
2, 5, 7
Let g(q) = -47*q + 67. Suppose 4*c - r = -63, 0 = -c - 4*r - 37 + 17. List the prime factors of g(c).
3, 7, 13
List the prime factors of ((-123)/(-287))/(12/1111964).
151, 263
Let c be 4/10 + 13/((-195)/(-5664)). Suppose 5*o - 3*b = 2520, 113 = o + 2*b - c. What are the prime factors of o?
3, 167
Let i(w) = -w**2 + 14*w - 66. Let y be i(6). List the prime factors of 2027*y/(-45) + (-8)/10.
2, 3, 5
Suppose -p + 35417 = 2*c - 21408, -3*p + 6*c = -170451. What are the prime factors of p?
56821
Suppose -102*a + 103*a = -5*p + 11715, a - 2*p = 11687. List the prime factors of a.
5, 2339
Suppose -4*t - 4*t = -360. Suppose -4*g - t = -5*v, 5*g - 2*v + 53 = v. What are the prime factors of 29/(16/40*g/(-8))?
2, 29
Suppose 0 = -3*j + 17 - 11. Let m(q) = 3*q - 2*q + 3 + 2*q**j - 2*q. List the prime factors of m(7).
2, 47
Let a(r) = -266*r + 76. Let k be a(-7). Let q = k - 1254. What are the prime factors of q?
2, 3, 19
Suppose 26 = -5*g + l, -4 + 5 = l. Let p(i) = 11*i + 51. Let q be p(g). List the prime factors of -4 - 2372/(-12) - q/(-6).
193
Let h = 10248 - -3334. List the prime factors of h.
2, 6791
Suppose 0 = 4*f - 2*q - 14, -q = 2*f - 6*f + 11. Suppose 0 = -6*h + 7*h - f. List the prime factors of (55/10 + 4)*h.
19
Suppose 0 = 2*j + 17 + 19. Let i = 20 + j. List the prime factors of (i*2/(-8))/((-1)/228).
2, 3, 19
Let p(g) = 4 + 3 + 16*g + 5 - 7*g. Let b be p(-20). What are the prime factors of (-2 - -1) + (b - 0)/(-1)?
167
Suppose 2*d = 5*d + 2*u - 26, -5*u = 2*d - 32. Suppose 5*h + c - d*c - 1905 = 0, 1155 = 3*h + c. What are the prime factors of h?
2, 3
Let n(j) = -6*j + 5. Suppose -r + 2*r = -6*r. Let l be n(r). Suppose 3*k + l*d = 484, -7 = 4*d - 15. List the prime factors of k.
2, 79
Suppose 23*h - 87413 = 20*h + b, -2*b = 3*h - 87407. What are the prime factors of h?
29137
Let k(t) = 4*t**2 + 220*t + 267. List the prime factors of k(-100).
3, 6089
Suppose 2 = 2*d - 8, 3*r - 11332 = d. Suppose 19*z - 8704 - r = 0. What are the prime factors of z?
3, 73
Let z(h) be the second derivative of -2*h**3/3 + 2*h**2 + 8*h. Let r be z(0). What are the prime factors of (-1)/(-6)*3 + 518/r?
2, 5, 13
Let t(m) = m**2. Let z(y) = -6*y + 12. Let j(l) = -t(l) + z(l). Let h be j(4). What are the prime factors of 161/2 - 7/h*-2?
2, 5
Suppose -2*s + 51 = 1. Let g be (-420)/s*15/(-2). Suppose 20*r = 18*r + g. What are the prime factors of r?
3, 7
What are the prime factors of 1741548/255 + 6/15?
2, 5, 683
Let v(y) = -7*y + 2. Let p be v(0). Suppose 5*w = 2 - p. Suppose w = -3*i + 150 + 342. What are the prime factors of i?
2, 41
Let w = -43033 + 85653. List the prime factors of w.
2, 5, 2131
Let g(t) = -124*t + 3309. List the prime factors of g(-28).
6781
Let i(l) = 2*l**2 + 52*l - 397. Let h be i(-42). Let u = 2574 - h. List the prime factors of u.
1627
Let n(f) = -f**2 + 20*f + 11. Let v(g) = -g**2 + 22*g - 26. Let d be v(20). Suppose h + 2 - d = 0. List the prime factors of n(h).
107
Let t = -978 + 3170. List the prime factors of t.
2, 137
Let w be 190/4*(-8)/5. Suppose -3*x + 2*y + 367 = -2*y, -4*x + y + 511 = 0. Let f = x + w. List the prime factors of f.
53
Let i = -4 - -3. Let z be 1/2*(i + 1 - 0). Suppose z = -2*b + 5*b - 84. List the prime factors of b.
2, 7
Suppose -13578 = -2*j - 3*k, -3*j + 24*k + 20372 = 26*k. What are the prime factors of j?
2, 3, 283
Let w = 843 + -511. Let r = w + 390. What are the prime factors of r?
2, 19
Let h(i) = 13*i - 93. Let k = 206 - 180. What are the prime factors of h(k)?
5, 7
Let h(y) = 4*y**2 - 42*y + 30. Let p be h(29). Suppose 4*r = p - 116. What are the prime factors of r?
5, 103
Suppose 3*s = -3*m + 11811, -6*s = -5*m - s + 19655. List the prime factors of m.
2, 7, 281
Let d be (-5)/(-40)*-1 + 24034/16. Suppose 2*n = -2, -2*n + 4*n - d = -4*w. What are the prime factors of w?
2, 47
Suppose -16*b + 205 = 25*b. Suppose 3*u + b*x = 1006, 3*x = x + 4. List the prime factors of u.
2, 83
Suppose g + 2*n - 22359 - 22452 = 0, -2*g = n - 89613. List the prime factors of g.
3, 5, 29, 103
Let j = -397 + 643. Let o = j - 129. Let x = o + -80. List the prime factors of x.
37
What are the prime factors of (-359548)/(-35) + 308/(-110)?
2, 5, 13, 79
Let z be -1 - (-4 + 38) - (-12)/3. Let h(r) = r**3 + 32*r**2 + 4*r + 160. What are the prime factors of h(z)?
997
Suppose -3*f - 71 + 140 = 0. Let h(t) = t**3 - 23*t**2 + 49*t - 36. List the prime factors of h(f).
1091
Suppose 5*f - 33340 = 5*q, 3*q - 19456 = -3*f + 518. What are the prime factors of f?
3, 2221
Let h = -756 + 746. Let z(v) = -2*v**2 + 10*v - 16. Let m(d) = -d**2 + 9*d - 15. Let w(l) = 3*m(l) - 2*z(l). What are the prime factors of w(h)?
17
Let w = -80 - -80. Suppose 5*l - 3*i - 2236 = 0, 3*l + 3*i - 1004 - 328 = w. What are the prime factors of l?
2, 223
Let t be (0 + 4)*(-88)/32. What are the prime factors of 9*(4928/(-21))/t?
2, 3
Let a(n) = 2249*n + 170. What are the prime factors of a(3)?
6917
Let i(q) = 17*q**2 + 6 + 4 + 1 + 0 + 3*q. Let t be i(-5). Suppose -4*k = -3*x + 314, -2*x - t = -6*x + 3*k. List the prime factors of x.
2, 53
Let r(s) = -1029*s + 6 - 5 + 1 + 1 + 1131*s. Suppose q - 5*q + 25 = 5*p, 0 = 5*p - 4*q + 15. What are the prime factors of r(p)?
3, 5, 7
Suppose -f - 545784 = -38*f + 608616. List the prime factors of f.
2, 3, 5, 13
What are the prime factors of 12 + 1766/9 - 3/((-27)/(-2))?
2, 13
Let w = 230 + -88. List the prime factors of w.
2, 71
Suppose 2313 = 2*i - 3*g, 2*i - 3*i + 1155 = -g. List the prime factors of i/(-108)*222/(-4).
2, 37
List the prime factors of (-74)/(-296) - (-96681)/12.
7, 1151
Suppose -3*j = 3*o - 90, -3 + 11 = 2*j. Let w = o - 25. Let p(r) = 162*r**3 - 2*r**2 + r. List the prime factors of p(w).
7, 23
Let s(l) = -l**3 + 5*l**2 - l + 1. Let a be (-10)/(2 + -3 + -1). Let q be s(a). Let t(x) = 9*x**2 - x + 7. What are the prime factors of t(q)?
5, 31
Suppose -73717 + 1570 = -10*f - 2147. What are the prime factors of f?
2, 5, 7
Suppose -2*b - 4*x + 69708 = 0, -x - 9*x + 139414 = 4*b. List the prime factors of b.
2, 4357
Suppose -20 = 5*w, -32*w - 16754 = -3*z - 33*w. List the prime factors of z.
2, 3, 7, 19
Suppose 4*d - 3*s = 26090, -3*d + 5699 = -4*s - 13879. List the prime factors of d.
2, 3259
Suppose -3*g + 1696 = -h + 4188, -5*g - 4982 = -2*h. List the prime factors of h.
2, 11, 113
Let w(t) = 361*t - 3580. List the prime factors of w(25).
3, 5, 11
Let w = -1671 + 1812. Suppose -4*h + 0*c - 4*c - 336 = 0, 5*h + 3*c = -422. Let o = h + w. What are the prime factors of o?
2, 7
Let z be (-50)/(-15)*(-3 + 63/15). Suppose -30 = -2*q + q - u, -z*q = -3*u - 113. Suppose l - q = -2*c, -3*l + 3*c + 78 = -0*c. List the prime factors of l.
3
Suppose -10*f = 2*l - 11*f - 59273, 0 = 4*l + 5*f - 118525. List the prime factors of l.
5, 5927
Let g be (12/(-48))/(75/(-36) - -2). Suppose 0 = -5*u + 4*t + 998, g*u + 5*t + 179 = 800. List the prime factors of u.
2, 101
Let x = -160 + 280. Suppose -4*l - 21 = -s - 0*s, -4*s + x = -4*l. Let f = s - 16. List the prime factors of f.
17
Suppose 249*o = 21*o + 5413404. List the prime factors of o.
23743
Let v be -4 + (15 + -2 - 5). What are the prime factors of 68*(-3 + 5) - (v - 2)?
2, 67
Let q(k) = -146*k - 1. Suppose 0 = -2*m - 3*u, 3*m + 9*u - 3 = 6*u. Suppose 0 = -2*v + 2*f, -1 = -5*v + m*f - 5. What are the prime factors of q(v)?
3, 97
Let g(r) = r**3 + 3*r**2 - 13*r - 3. Let m be g(-5). Suppose 0 = -13*l + m*l + 192. List the prime factors of l.
2, 3
Suppose 37*w + 2616 = 28775. Suppose 2*m - s = w, 5*m - 4*s = 817 + 958. What are the prime facto